{"id":304,"date":"2026-03-19T19:32:39","date_gmt":"2026-03-19T19:32:39","guid":{"rendered":"https:\/\/neurophys.pt\/?page_id=304"},"modified":"2026-03-21T14:58:47","modified_gmt":"2026-03-21T14:58:47","slug":"certificacao-nacional-em-monitorizacao-neurofisiologica-intra-operatoria","status":"publish","type":"page","link":"https:\/\/neurophys.pt\/index.php\/certificacao-nacional-em-monitorizacao-neurofisiologica-intra-operatoria\/","title":{"rendered":"Certifica\u00e7\u00e3o Nacional em Monitoriza\u00e7\u00e3o Neurofisiol\u00f3gica  Intra-operat\u00f3ria"},"content":{"rendered":"<div class=\"container\" style=\"text-align: center;\">\n<header class=\"site\"><\/header>\n<header><\/header>\n<header class=\"site\">\n<div style=\"background-color: white; color: white; padding: 20px;\"><strong style=\"color: #183a61; font-family: Helvetica, Arial, sans-serif; font-size: 25px;\">Certifica\u00e7\u00e3o nacional em<\/strong><\/div>\n<div style=\"background-color: white; color: white; padding: 20px;\"><strong style=\"color: #183a61; font-family: Helvetica, Arial, sans-serif; font-size: 25px;\">Monitoriza\u00e7\u00e3o Neurofisiol\u00f3gica <\/strong><strong style=\"color: #183a61; font-family: Helvetica, Arial, sans-serif; font-size: 25px;\">Intra-operat\u00f3ria<\/strong><\/div>\n<div><\/div>\n<p><a href=\"#projeto-missao\">Projeto e miss\u00e3o<\/a><br \/>\n<a href=\"#objetivo\">Objetivo<\/a><br \/>\n<a href=\"#formato\">Formato<\/a><br \/>\n<a href=\"#nivel\">N\u00edvel de certifica\u00e7\u00e3o<\/a><br \/>\n<a href=\"#validade\">Quem pode participar<\/a><br \/>\n<a href=\"#porque\">Porqu\u00ea participar<\/a><a href=\"#inscricao\"><br \/>\n<\/a><a href=\"#controlo\">Controlo de qualidade<\/a><a href=\"#inscricao\"><br \/>\n<\/a><a href=\"#condicoes\">Condi\u00e7\u00f5es de participa\u00e7\u00e3o<\/a><\/p>\n<section id=\"missao\">\n<hr style=\"margin: 40px 0;\" \/>\n<h2 id=\"projeto-missao\" style=\"color: #183a61; font-family: Helvetica, Arial, sans-serif; font-size: 25px;\">Projeto e miss\u00e3o<\/h2>\n<\/section>\n<\/header>\n<\/div>\n<div class=\"divider\" style=\"text-align: center;\">\n<p data-start=\"309\" data-end=\"536\">O projeto da <strong data-start=\"322\" data-end=\"405\">Certifica\u00e7\u00e3o Nacional em Monitoriza\u00e7\u00e3o Neurofisiol\u00f3gica Intra-operat\u00f3ria <\/strong>foi desenvolvido pela <strong data-start=\"428\" data-end=\"443\">NeurophysPT<\/strong> com o objetivo de elevar os padr\u00f5es de conhecimento e pr\u00e1tica na \u00e1rea da MNIO em Portugal.<\/p>\n<p data-start=\"538\" data-end=\"853\">A miss\u00e3o da NeurophysPT \u00e9 capacitar profissionais de sa\u00fade com <strong data-start=\"601\" data-end=\"636\">fundamentos te\u00f3ricos e pr\u00e1ticos<\/strong>, promovendo a melhoria cont\u00ednua da seguran\u00e7a e qualidade em bloco operat\u00f3rio.<\/p>\n<p data-start=\"538\" data-end=\"853\">O curso foi estruturado em <strong data-start=\"882\" data-end=\"907\">modalidade e-learning<\/strong> (n\u00edvel b\u00e1sico) e <strong data-start=\"925\" data-end=\"950\">modalidade presencial<\/strong>, com base nas melhores pr\u00e1ticas internacionais de neurofisiologia intra-operat\u00f3ria e inspirado em certifica\u00e7\u00f5es internacionais de refer\u00eancia. A modalidade presencial ser\u00e1 realizada a partir de 2027 durante a <strong data-start=\"1159\" data-end=\"1181\">Reuni\u00e3o NeuroCrit\u00ae<\/strong>.<\/p>\n<p data-start=\"538\" data-end=\"853\">Toda a aprendizagem relativa \u00e0 certifica\u00e7\u00e3o e Monitoriza\u00e7\u00e3o Neurofisiol\u00f3gica Intra-operat\u00f3ria baseia-se nas <strong data-start=\"773\" data-end=\"850\">guidelines da International Federation of Clinical Neurophysiology (<a href=\"https:\/\/www.ifcn.info\/publications\/ifcn-endorsed-guidelines\">IFCN<\/a>) e do <a href=\"https:\/\/ordemdosmedicos.pt\/a-ordem\/orgaos-tecnicos\/colegios\/especialidades\/neurologia\/subespecialidades\/eeg-neurofisiologia-clinica\/normas\">Col\u00e9gio da Subespecialidade de EEG-Neurofisiologia Cl\u00ednica<\/a><\/strong>.<\/p>\n<\/div>\n<div class=\"divider\" style=\"text-align: center;\">\n<p data-start=\"1186\" data-end=\"1387\">O <strong data-start=\"1188\" data-end=\"1230\">Presidente da Comiss\u00e3o de Certifica\u00e7\u00e3o<\/strong> est\u00e1 registado a <a href=\"https:\/\/ordemdosmedicos.pt\/area-medica\/medicos-registados-na-om\"><strong data-start=\"1241\" data-end=\"1262\">Ordem dos M\u00e9dicos<\/strong><\/a>, e todos os membros da comiss\u00e3o possuem <strong data-start=\"1303\" data-end=\"1386\">certifica\u00e7\u00f5es da International Society of Intraoperative Neurophysiology (<a href=\"https:\/\/neurophysiology.org\/\">ISIN<\/a>)<\/strong>.<\/p>\n<p data-start=\"1186\" data-end=\"1387\">\n<\/div>\n<p data-start=\"1186\" data-end=\"1387\"><em><strong>Comiss\u00e3o de Certifica\u00e7\u00e3o<\/strong><\/em><\/p>\n<p data-start=\"1186\" data-end=\"1387\"><img decoding=\"async\" src=\"https:\/\/media.licdn.com\/dms\/image\/v2\/D4D03AQFbbqIMYTfOBQ\/profile-displayphoto-shrink_200_200\/profile-displayphoto-shrink_200_200\/0\/1695894579037?e=2147483647&amp;v=beta&amp;t=fPYOmJT1_v7KHflMOumz42bKO0zoEJPXwNeRSiWEmfQ\" alt=\"Jo\u00e3o Leote\" \/>\u00a0<a href=\"https:\/\/pt.linkedin.com\/in\/joaoleote\">Jo\u00e3o Leote<\/a><\/p>\n<p data-start=\"1186\" data-end=\"1387\"><a href=\"https:\/\/uk.linkedin.com\/in\/pedro-cardeal-coelho-47240667\"><img decoding=\"async\" src=\"https:\/\/media.licdn.com\/dms\/image\/v2\/D4E03AQGJBxeDThli3Q\/profile-displayphoto-scale_200_200\/B4EZoIrESSHoAY-\/0\/1761082099976?e=2147483647&amp;v=beta&amp;t=BqtdJcZ2pxz6GANIFhoNz8iyCMgpsZSHZODT-JMk1nY\" alt=\"Pedro Cardeal Coelho\" \/>Pedro Cardeal Coelho<\/a><\/p>\n<section id=\"programa\"><\/section>\n<section id=\"registo\">\n<hr style=\"margin: 40px 0;\" \/>\n<div class=\"container\" style=\"text-align: center;\">\n<header class=\"site\">\n<h2 id=\"objetivo\" style=\"font-size: 25px; color: #183a61; font-family: Helvetica, Arial, sans-serif; margin: 20px 0;\">Objetivo<\/h2>\n<\/header>\n<\/div>\n<div class=\"divider\"><\/div>\n<\/section>\n<div>O objetivo da Certifica\u00e7\u00e3o Nacional em MNIO \u00e9 <strong data-start=\"1984\" data-end=\"2021\">avaliar e reconhecer compet\u00eancias<\/strong> em neurofisiologia intra-operat\u00f3ria, distinguindo profissionais capazes de aplicar e ensinar t\u00e9cnicas de forma segura, rigorosa e baseada em conhecimentos te\u00f3ricos e pr\u00e1ticos.<\/div>\n<section id=\"resumos\">\n<div style=\"background-color: white; color: white; padding: 20px;\">\n<hr style=\"margin: 40px 0;\" \/>\n<div class=\"container\" style=\"text-align: center;\">\n<header class=\"site\">\n<h2 id=\"formato\" style=\"font-size: 25px; color: #183a61; font-family: Helvetica, Arial, sans-serif; margin: 20px 0;\">Formato<\/h2>\n<\/header>\n<\/div>\n<\/div>\n<\/section>\n<div class=\"container\" style=\"text-align: center;\">\n<header class=\"site\">\n<p style=\"text-align: left;\" data-start=\"2216\" data-end=\"2243\"><strong data-start=\"2216\" data-end=\"2241\">Modalidade e-learning<\/strong><\/p>\n<ul style=\"text-align: left;\" data-start=\"2244\" data-end=\"2680\">\n<li data-start=\"2244\" data-end=\"2311\">\n<p data-start=\"2246\" data-end=\"2311\">Curso <a href=\"https:\/\/neurophyspt.hotmart.host\/curso-neurointraop\"><strong data-start=\"2252\" data-end=\"2268\">NeuroIntraOp<\/strong><\/a> (m\u00f3dulos I e II) com v\u00eddeo-aulas online.<\/p>\n<\/li>\n<li data-start=\"2312\" data-end=\"2479\">\n<p data-start=\"2314\" data-end=\"2479\">Temas: indica\u00e7\u00f5es, t\u00e9cnicas, seguran\u00e7a, equipas, comunica\u00e7\u00e3o, anestesiologia, potenciais evocados motores, somatossensitivos, auditivos, visuais e corticobulbares.<\/p>\n<\/li>\n<li data-start=\"2480\" data-end=\"2680\">\n<p data-start=\"2482\" data-end=\"2680\">Avalia\u00e7\u00e3o online: <strong data-start=\"2500\" data-end=\"2529\">prova de escolha m\u00faltipla<\/strong> com 20 a 50 quest\u00f5es (4 respostas, 1 correta). Aprova\u00e7\u00e3o m\u00ednima: 70%. Possibilidade de repetir 30 minutos ap\u00f3s reprova\u00e7\u00e3o, sem limite de tentativas.<\/p>\n<\/li>\n<\/ul>\n<p style=\"text-align: left;\" data-start=\"2682\" data-end=\"2709\"><strong data-start=\"2682\" data-end=\"2707\">Modalidade presencial<\/strong><\/p>\n<ul>\n<li style=\"text-align: left;\" data-start=\"2712\" data-end=\"2821\">Avalia\u00e7\u00e3o pr\u00e1tica anual nas \u00e1reas tem\u00e1ticas (Cirurgia Supratentorial, Tronco Cerebral, Cirurgia da Coluna).<\/li>\n<li style=\"text-align: left;\" data-start=\"2824\" data-end=\"2847\">Dura\u00e7\u00e3o: 120 minutos.<\/li>\n<li style=\"text-align: left;\" data-start=\"2850\" data-end=\"2939\">Avalia\u00e7\u00e3o conduzida por <strong data-start=\"2874\" data-end=\"2913\">membros da Comiss\u00e3o de Certifica\u00e7\u00e3o<\/strong> e um organizador local.<\/li>\n<li style=\"text-align: left;\" data-start=\"2942\" data-end=\"3035\">Possibilidade de repeti\u00e7\u00e3o no ano seguinte mediante pagamento de 50% do valor da inscri\u00e7\u00e3o.<\/li>\n<\/ul>\n<\/header>\n<p style=\"text-align: left;\" data-start=\"1421\" data-end=\"1523\">A certifica\u00e7\u00e3o ser\u00e1 disponibilizada <strong data-start=\"1451\" data-end=\"1465\">anualmente<\/strong> e contar\u00e1 com m\u00f3dulos rotativos de forma\u00e7\u00e3o presencial:<\/p>\n<ul data-start=\"1524\" data-end=\"1594\">\n<li style=\"text-align: left;\" data-start=\"1524\" data-end=\"1551\">\n<p data-start=\"1526\" data-end=\"1551\">Cirurgia Supratentorial<\/p>\n<\/li>\n<li style=\"text-align: left;\" data-start=\"1552\" data-end=\"1571\">\n<p data-start=\"1554\" data-end=\"1571\">Tronco Cerebral<\/p>\n<\/li>\n<li data-start=\"1572\" data-end=\"1594\">\n<p style=\"text-align: left;\" data-start=\"1574\" data-end=\"1594\">Cirurgia da Coluna<\/p>\n<\/li>\n<\/ul>\n<p data-start=\"1596\" data-end=\"1763\">A cada ano, um m\u00f3dulo presencial ser\u00e1 disponibilizado, com os restantes nos anos seguintes, garantindo <strong data-start=\"1699\" data-end=\"1723\">atualiza\u00e7\u00e3o cont\u00ednua<\/strong> e distribui\u00e7\u00e3o equilibrada do ensino.<\/p>\n<p data-start=\"1765\" data-end=\"1918\"><strong>Nota<\/strong>: Esfor\u00e7os cont\u00ednuos s\u00e3o feitos para atualizar os conte\u00fados e quest\u00f5es das provas, alinhando-os com a pr\u00e1tica cl\u00ednica atual e evid\u00eancia cient\u00edfica recente.<\/p>\n<header class=\"site\">\n<hr style=\"margin: 40px 0;\" \/>\n<div class=\"container\" style=\"text-align: center;\">\n<header class=\"site\">\n<h2 id=\"nivel\" style=\"font-size: 25px; color: #183a61; font-family: Helvetica, Arial, sans-serif; margin: 20px 0;\"><strong>N\u00edvel de certifica\u00e7\u00e3o<\/strong><\/h2>\n<\/header>\n<\/div>\n<\/header>\n<\/div>\n<section id=\"acomodacao\">\n<p data-start=\"3069\" data-end=\"3110\">Ap\u00f3s a conclus\u00e3o do curso e das provas:<\/p>\n<ul data-start=\"3111\" data-end=\"3414\">\n<li data-start=\"3111\" data-end=\"3264\">\n<p data-start=\"3113\" data-end=\"3264\"><strong data-start=\"3113\" data-end=\"3157\">Certifica\u00e7\u00e3o em MNIO<\/strong>: aprova\u00e7\u00e3o na prova e-learning e exame presencial, demonstrando compet\u00eancia na execu\u00e7\u00e3o cl\u00ednica da MNIO.<\/p>\n<\/li>\n<\/ul>\n<p><strong>Nota<\/strong>: Esta certifica\u00e7\u00e3o n\u00e3o atribui a compet\u00eancia nem a legalidade para a execu\u00e7\u00e3o de MNIO, contudo fomenta e difunde o conhecimento na repetiva \u00e1rea e relacionadas.<\/p>\n<\/section>\n<section>\n<section id=\"sugestao\">\n<div class=\"container\" style=\"text-align: center;\">\n<header class=\"site\">\n<div id=\"quem\" style=\"font-size: 25px; color: #183a61; font-family: Helvetica, Arial, sans-serif; margin: 20px 0;\">\n<hr style=\"margin: 40px 0;\" \/>\n<p><strong>Quem pode participar<\/strong><\/p>\n<\/div>\n<\/header>\n<\/div>\n<section id=\"Colaboradores\">\n<div class=\"container\" style=\"text-align: center;\">\n<p style=\"text-align: left;\">Profissionais de sa\u00fade licenciados em: Medicina, Fisiologia Cl\u00ednica, Engenharia Biom\u00e9dica, Enfermagem ou \u00e1reas relacionadas.<\/p>\n<p style=\"text-align: left;\">N\u00e3o h\u00e1 limita\u00e7\u00e3o geogr\u00e1fica, sendo o curso aberto a qualquer profissional que cumpra os requisitos formais.<\/p>\n<section>\n<section id=\"sugestao\">\n<div class=\"container\" style=\"text-align: center;\">\n<header class=\"site\">\n<div id=\"porque\" style=\"font-size: 25px; color: #183a61; font-family: Helvetica, Arial, sans-serif; margin: 20px 0;\">\n<hr style=\"margin: 40px 0;\" \/>\n<p><strong>Porqu\u00ea participar<\/strong><\/p>\n<\/div>\n<\/header>\n<\/div>\n<section id=\"Colaboradores\">\n<div class=\"container\" style=\"text-align: center;\">\n<p style=\"text-align: left;\" data-start=\"3742\" data-end=\"3783\">A participa\u00e7\u00e3o na certifica\u00e7\u00e3o permite:<\/p>\n<ul data-start=\"3784\" data-end=\"4033\">\n<li style=\"text-align: left;\" data-start=\"3784\" data-end=\"3846\">\n<p data-start=\"3786\" data-end=\"3846\">Desenvolver conhecimentos e compet\u00eancias de forma estruturada.<\/p>\n<\/li>\n<li style=\"text-align: left;\" data-start=\"3847\" data-end=\"3933\">\n<p data-start=\"3849\" data-end=\"3933\">Reconhecer a capacidade de profissionais a atua\u00e7\u00e3o de excel\u00eancia em MNIO.<\/p>\n<\/li>\n<li data-start=\"3934\" data-end=\"4033\">\n<p style=\"text-align: left;\" data-start=\"3936\" data-end=\"4033\">Promover a cultura de qualidade em diferentes institui\u00e7\u00f5es em MNIO.<\/p>\n<\/li>\n<\/ul>\n<section>\n<section id=\"sugestao\">\n<div class=\"container\" style=\"text-align: center;\">\n<header class=\"site\">\n<div id=\"controlo\" style=\"font-size: 25px; color: #183a61; font-family: Helvetica, Arial, sans-serif; margin: 20px 0;\">\n<hr style=\"margin: 40px 0;\" \/>\n<p><strong>Controlo de qualidade<\/strong><\/p>\n<\/div>\n<\/header>\n<\/div>\n<section id=\"Colaboradores\">\n<div class=\"container\" style=\"text-align: center;\">\n<ul>\n<li data-start=\"4066\" data-end=\"4238\">\n<p style=\"text-align: left;\" data-start=\"4068\" data-end=\"4238\">Todas as quest\u00f5es das provas s\u00e3o avaliadas e validadas por uma <strong data-start=\"4131\" data-end=\"4159\">Comiss\u00e3o de Certifica\u00e7\u00e3o<\/strong> composta por especialistas certificados em neurofisiologia intra-operat\u00f3ria.<\/p>\n<\/li>\n<li style=\"text-align: left;\" data-start=\"4239\" data-end=\"4365\">\n<p data-start=\"4241\" data-end=\"4365\">Atualiza\u00e7\u00e3o cont\u00ednua das quest\u00f5es e conte\u00fados para refletir a evid\u00eancia cient\u00edfica mais recente e padr\u00f5es cl\u00ednicos atuais.<\/p>\n<\/li>\n<li data-start=\"4366\" data-end=\"4503\">\n<p style=\"text-align: left;\" data-start=\"4368\" data-end=\"4503\">O presidente da comiss\u00e3o e os membros asseguram que <strong data-start=\"4420\" data-end=\"4485\">todos os processos de avalia\u00e7\u00e3o seguem padr\u00f5es internacionais<\/strong> da <a href=\"https:\/\/neurophysiology.org\/\">ISIN<\/a> e <a href=\"https:\/\/www.ifcn.info\/publications\/ifcn-endorsed-guidelines\">IFCN<\/a>.<\/p>\n<\/li>\n<\/ul>\n<section>\n<section id=\"sugestao\">\n<div class=\"container\" style=\"text-align: center;\">\n<header class=\"site\">\n<div style=\"font-size: 25px; color: #183a61; font-family: Helvetica, Arial, sans-serif; margin: 20px 0;\">\n<hr style=\"margin: 40px 0;\" \/>\n<\/div>\n<\/header>\n<\/div>\n<section id=\"Colaboradores\">\n<div class=\"container\" style=\"text-align: center;\">\n<section>\n<section id=\"sugestao\">\n<div class=\"container\" style=\"text-align: center;\">\n<header class=\"site\">\n<div id=\"condicoes\" style=\"font-size: 25px; color: #183a61; font-family: Helvetica, Arial, sans-serif; margin: 20px 0;\"><strong>Condi\u00e7\u00f5es de participa\u00e7\u00e3o<\/strong><\/div>\n<\/header>\n<\/div>\n<\/section>\n<\/section>\n<\/div>\n<\/section>\n<\/section>\n<\/section>\n<\/div>\n<\/section>\n<\/section>\n<\/section>\n<\/div>\n<\/section>\n<\/section>\n<\/section>\n<\/div>\n<\/section>\n<\/section>\n<section id=\"sugestao\">\n<div class=\"divider\" style=\"text-align: center;\">\n<p data-start=\"4125\" data-end=\"4237\">Pode consultar o regulamento <strong><a href=\"https:\/\/neurophys.pt\/wp-content\/uploads\/2026\/03\/Certificacao-Nacional-em-Neuromonitorizacao-Intra-operatoria.pdf\" target=\"_blank\" rel=\"noopener\">aqui<\/a><\/strong><strong>.<\/strong><\/p>\n<p data-start=\"4125\" data-end=\"4237\">Para mais informa\u00e7\u00f5es:<\/p>\n<\/div>\n<div class=\"contact-grid\">\n<div style=\"text-align: center;\">\n<p>\ud83d\udcde +351 912 666 656<br \/>\n\u2709\ufe0f <a href=\"mailto:neurocrit@neurophys.pt\">academia@neurophys.pt<\/a><\/p>\n<\/div>\n<\/div>\n<p>&nbsp;<\/p>\n<\/section>\n<p>&nbsp;<\/p>\n<section id=\"sugestao\">\n<div class=\"contact-grid\">\n<p style=\"text-align: center;\">\u00a9 2026 Neurophys PT &#8211; Todos os direitos reservados.<\/p>\n<\/div>\n<\/section>\n<\/section>\n","protected":false},"excerpt":{"rendered":"<p>Certifica\u00e7\u00e3o nacional em Monitoriza\u00e7\u00e3o Neurofisiol\u00f3gica Intra-operat\u00f3ria Projeto e miss\u00e3o Objetivo Formato N\u00edvel de certifica\u00e7\u00e3o Quem pode participar Porqu\u00ea participar Controlo de qualidade Condi\u00e7\u00f5es de participa\u00e7\u00e3o Projeto<span class=\"excerpt-hellip\"> [\u2026]<\/span><\/p>\n","protected":false},"author":1,"featured_media":0,"parent":0,"menu_order":0,"comment_status":"closed","ping_status":"open","template":"","meta":{"footnotes":""},"yoast_head":"<!-- This site is optimized with the Yoast SEO plugin v22.5 - https:\/\/yoast.com\/wordpress\/plugins\/seo\/ -->\n<title>Certifica\u00e7\u00e3o Nacional em Monitoriza\u00e7\u00e3o Neurofisiol\u00f3gica Intra-operat\u00f3ria - Neurophys.pt<\/title>\n<meta name=\"robots\" content=\"index, follow, max-snippet:-1, max-image-preview:large, max-video-preview:-1\" \/>\n<link rel=\"canonical\" href=\"https:\/\/neurophys.pt\/index.php\/certificacao-nacional-em-monitorizacao-neurofisiologica-intra-operatoria\/\" \/>\n<meta property=\"og:locale\" content=\"en_US\" \/>\n<meta property=\"og:type\" content=\"article\" \/>\n<meta property=\"og:title\" content=\"Certifica\u00e7\u00e3o Nacional em Monitoriza\u00e7\u00e3o Neurofisiol\u00f3gica Intra-operat\u00f3ria - Neurophys.pt\" \/>\n<meta property=\"og:description\" content=\"Certifica\u00e7\u00e3o nacional em Monitoriza\u00e7\u00e3o Neurofisiol\u00f3gica Intra-operat\u00f3ria Projeto e miss\u00e3o Objetivo Formato N\u00edvel de certifica\u00e7\u00e3o Quem pode participar Porqu\u00ea participar Controlo de qualidade Condi\u00e7\u00f5es de participa\u00e7\u00e3o Projeto [\u2026]\" \/>\n<meta property=\"og:url\" content=\"https:\/\/neurophys.pt\/index.php\/certificacao-nacional-em-monitorizacao-neurofisiologica-intra-operatoria\/\" \/>\n<meta property=\"og:site_name\" content=\"Neurophys.pt\" \/>\n<meta property=\"article:modified_time\" content=\"2026-03-21T14:58:47+00:00\" \/>\n<meta property=\"og:image\" content=\"https:\/\/media.licdn.com\/dms\/image\/v2\/D4D03AQFbbqIMYTfOBQ\/profile-displayphoto-shrink_200_200\/profile-displayphoto-shrink_200_200\/0\/1695894579037?e=2147483647&amp;v=beta&amp;t=fPYOmJT1_v7KHflMOumz42bKO0zoEJPXwNeRSiWEmfQ\" \/>\n<meta name=\"twitter:card\" content=\"summary_large_image\" \/>\n<meta name=\"twitter:label1\" content=\"Est. reading time\" \/>\n\t<meta name=\"twitter:data1\" content=\"4 minutes\" \/>\n<script type=\"application\/ld+json\" class=\"yoast-schema-graph\">{\"@context\":\"https:\/\/schema.org\",\"@graph\":[{\"@type\":\"WebPage\",\"@id\":\"https:\/\/neurophys.pt\/index.php\/certificacao-nacional-em-monitorizacao-neurofisiologica-intra-operatoria\/\",\"url\":\"https:\/\/neurophys.pt\/index.php\/certificacao-nacional-em-monitorizacao-neurofisiologica-intra-operatoria\/\",\"name\":\"Certifica\u00e7\u00e3o Nacional em Monitoriza\u00e7\u00e3o Neurofisiol\u00f3gica Intra-operat\u00f3ria - Neurophys.pt\",\"isPartOf\":{\"@id\":\"https:\/\/neurophys.pt\/#website\"},\"primaryImageOfPage\":{\"@id\":\"https:\/\/neurophys.pt\/index.php\/certificacao-nacional-em-monitorizacao-neurofisiologica-intra-operatoria\/#primaryimage\"},\"image\":{\"@id\":\"https:\/\/neurophys.pt\/index.php\/certificacao-nacional-em-monitorizacao-neurofisiologica-intra-operatoria\/#primaryimage\"},\"thumbnailUrl\":\"https:\/\/media.licdn.com\/dms\/image\/v2\/D4D03AQFbbqIMYTfOBQ\/profile-displayphoto-shrink_200_200\/profile-displayphoto-shrink_200_200\/0\/1695894579037?e=2147483647&amp;v=beta&amp;t=fPYOmJT1_v7KHflMOumz42bKO0zoEJPXwNeRSiWEmfQ\",\"datePublished\":\"2026-03-19T19:32:39+00:00\",\"dateModified\":\"2026-03-21T14:58:47+00:00\",\"breadcrumb\":{\"@id\":\"https:\/\/neurophys.pt\/index.php\/certificacao-nacional-em-monitorizacao-neurofisiologica-intra-operatoria\/#breadcrumb\"},\"inLanguage\":\"en-US\",\"potentialAction\":[{\"@type\":\"ReadAction\",\"target\":[\"https:\/\/neurophys.pt\/index.php\/certificacao-nacional-em-monitorizacao-neurofisiologica-intra-operatoria\/\"]}]},{\"@type\":\"ImageObject\",\"inLanguage\":\"en-US\",\"@id\":\"https:\/\/neurophys.pt\/index.php\/certificacao-nacional-em-monitorizacao-neurofisiologica-intra-operatoria\/#primaryimage\",\"url\":\"https:\/\/media.licdn.com\/dms\/image\/v2\/D4D03AQFbbqIMYTfOBQ\/profile-displayphoto-shrink_200_200\/profile-displayphoto-shrink_200_200\/0\/1695894579037?e=2147483647&amp;v=beta&amp;t=fPYOmJT1_v7KHflMOumz42bKO0zoEJPXwNeRSiWEmfQ\",\"contentUrl\":\"https:\/\/media.licdn.com\/dms\/image\/v2\/D4D03AQFbbqIMYTfOBQ\/profile-displayphoto-shrink_200_200\/profile-displayphoto-shrink_200_200\/0\/1695894579037?e=2147483647&amp;v=beta&amp;t=fPYOmJT1_v7KHflMOumz42bKO0zoEJPXwNeRSiWEmfQ\"},{\"@type\":\"BreadcrumbList\",\"@id\":\"https:\/\/neurophys.pt\/index.php\/certificacao-nacional-em-monitorizacao-neurofisiologica-intra-operatoria\/#breadcrumb\",\"itemListElement\":[{\"@type\":\"ListItem\",\"position\":1,\"name\":\"In\u00edcio\",\"item\":\"https:\/\/neurophys.pt\/\"},{\"@type\":\"ListItem\",\"position\":2,\"name\":\"Certifica\u00e7\u00e3o Nacional em Monitoriza\u00e7\u00e3o Neurofisiol\u00f3gica Intra-operat\u00f3ria\"}]},{\"@type\":\"WebSite\",\"@id\":\"https:\/\/neurophys.pt\/#website\",\"url\":\"https:\/\/neurophys.pt\/\",\"name\":\"Neurophys.pt\",\"description\":\"Preven\u00e7\u00e3o da Mobilidade Neurol\u00f3gica\",\"potentialAction\":[{\"@type\":\"SearchAction\",\"target\":{\"@type\":\"EntryPoint\",\"urlTemplate\":\"https:\/\/neurophys.pt\/?s={search_term_string}\"},\"query-input\":\"required name=search_term_string\"}],\"inLanguage\":\"en-US\"}]}<\/script>\n<!-- \/ Yoast SEO plugin. -->","yoast_head_json":{"title":"Certifica\u00e7\u00e3o Nacional em Monitoriza\u00e7\u00e3o Neurofisiol\u00f3gica Intra-operat\u00f3ria - Neurophys.pt","robots":{"index":"index","follow":"follow","max-snippet":"max-snippet:-1","max-image-preview":"max-image-preview:large","max-video-preview":"max-video-preview:-1"},"canonical":"https:\/\/neurophys.pt\/index.php\/certificacao-nacional-em-monitorizacao-neurofisiologica-intra-operatoria\/","og_locale":"en_US","og_type":"article","og_title":"Certifica\u00e7\u00e3o Nacional em Monitoriza\u00e7\u00e3o Neurofisiol\u00f3gica Intra-operat\u00f3ria - Neurophys.pt","og_description":"Certifica\u00e7\u00e3o nacional em Monitoriza\u00e7\u00e3o Neurofisiol\u00f3gica Intra-operat\u00f3ria Projeto e miss\u00e3o Objetivo Formato N\u00edvel de certifica\u00e7\u00e3o Quem pode participar Porqu\u00ea participar Controlo de qualidade Condi\u00e7\u00f5es de participa\u00e7\u00e3o Projeto [\u2026]","og_url":"https:\/\/neurophys.pt\/index.php\/certificacao-nacional-em-monitorizacao-neurofisiologica-intra-operatoria\/","og_site_name":"Neurophys.pt","article_modified_time":"2026-03-21T14:58:47+00:00","og_image":[{"url":"https:\/\/media.licdn.com\/dms\/image\/v2\/D4D03AQFbbqIMYTfOBQ\/profile-displayphoto-shrink_200_200\/profile-displayphoto-shrink_200_200\/0\/1695894579037?e=2147483647&amp;v=beta&amp;t=fPYOmJT1_v7KHflMOumz42bKO0zoEJPXwNeRSiWEmfQ"}],"twitter_card":"summary_large_image","twitter_misc":{"Est. reading time":"4 minutes"},"schema":{"@context":"https:\/\/schema.org","@graph":[{"@type":"WebPage","@id":"https:\/\/neurophys.pt\/index.php\/certificacao-nacional-em-monitorizacao-neurofisiologica-intra-operatoria\/","url":"https:\/\/neurophys.pt\/index.php\/certificacao-nacional-em-monitorizacao-neurofisiologica-intra-operatoria\/","name":"Certifica\u00e7\u00e3o Nacional em Monitoriza\u00e7\u00e3o Neurofisiol\u00f3gica Intra-operat\u00f3ria - Neurophys.pt","isPartOf":{"@id":"https:\/\/neurophys.pt\/#website"},"primaryImageOfPage":{"@id":"https:\/\/neurophys.pt\/index.php\/certificacao-nacional-em-monitorizacao-neurofisiologica-intra-operatoria\/#primaryimage"},"image":{"@id":"https:\/\/neurophys.pt\/index.php\/certificacao-nacional-em-monitorizacao-neurofisiologica-intra-operatoria\/#primaryimage"},"thumbnailUrl":"https:\/\/media.licdn.com\/dms\/image\/v2\/D4D03AQFbbqIMYTfOBQ\/profile-displayphoto-shrink_200_200\/profile-displayphoto-shrink_200_200\/0\/1695894579037?e=2147483647&amp;v=beta&amp;t=fPYOmJT1_v7KHflMOumz42bKO0zoEJPXwNeRSiWEmfQ","datePublished":"2026-03-19T19:32:39+00:00","dateModified":"2026-03-21T14:58:47+00:00","breadcrumb":{"@id":"https:\/\/neurophys.pt\/index.php\/certificacao-nacional-em-monitorizacao-neurofisiologica-intra-operatoria\/#breadcrumb"},"inLanguage":"en-US","potentialAction":[{"@type":"ReadAction","target":["https:\/\/neurophys.pt\/index.php\/certificacao-nacional-em-monitorizacao-neurofisiologica-intra-operatoria\/"]}]},{"@type":"ImageObject","inLanguage":"en-US","@id":"https:\/\/neurophys.pt\/index.php\/certificacao-nacional-em-monitorizacao-neurofisiologica-intra-operatoria\/#primaryimage","url":"https:\/\/media.licdn.com\/dms\/image\/v2\/D4D03AQFbbqIMYTfOBQ\/profile-displayphoto-shrink_200_200\/profile-displayphoto-shrink_200_200\/0\/1695894579037?e=2147483647&amp;v=beta&amp;t=fPYOmJT1_v7KHflMOumz42bKO0zoEJPXwNeRSiWEmfQ","contentUrl":"https:\/\/media.licdn.com\/dms\/image\/v2\/D4D03AQFbbqIMYTfOBQ\/profile-displayphoto-shrink_200_200\/profile-displayphoto-shrink_200_200\/0\/1695894579037?e=2147483647&amp;v=beta&amp;t=fPYOmJT1_v7KHflMOumz42bKO0zoEJPXwNeRSiWEmfQ"},{"@type":"BreadcrumbList","@id":"https:\/\/neurophys.pt\/index.php\/certificacao-nacional-em-monitorizacao-neurofisiologica-intra-operatoria\/#breadcrumb","itemListElement":[{"@type":"ListItem","position":1,"name":"In\u00edcio","item":"https:\/\/neurophys.pt\/"},{"@type":"ListItem","position":2,"name":"Certifica\u00e7\u00e3o Nacional em Monitoriza\u00e7\u00e3o Neurofisiol\u00f3gica Intra-operat\u00f3ria"}]},{"@type":"WebSite","@id":"https:\/\/neurophys.pt\/#website","url":"https:\/\/neurophys.pt\/","name":"Neurophys.pt","description":"Preven\u00e7\u00e3o da Mobilidade Neurol\u00f3gica","potentialAction":[{"@type":"SearchAction","target":{"@type":"EntryPoint","urlTemplate":"https:\/\/neurophys.pt\/?s={search_term_string}"},"query-input":"required name=search_term_string"}],"inLanguage":"en-US"}]}},"_links":{"self":[{"href":"https:\/\/neurophys.pt\/index.php\/wp-json\/wp\/v2\/pages\/304"}],"collection":[{"href":"https:\/\/neurophys.pt\/index.php\/wp-json\/wp\/v2\/pages"}],"about":[{"href":"https:\/\/neurophys.pt\/index.php\/wp-json\/wp\/v2\/types\/page"}],"author":[{"embeddable":true,"href":"https:\/\/neurophys.pt\/index.php\/wp-json\/wp\/v2\/users\/1"}],"replies":[{"embeddable":true,"href":"https:\/\/neurophys.pt\/index.php\/wp-json\/wp\/v2\/comments?post=304"}],"version-history":[{"count":17,"href":"https:\/\/neurophys.pt\/index.php\/wp-json\/wp\/v2\/pages\/304\/revisions"}],"predecessor-version":[{"id":333,"href":"https:\/\/neurophys.pt\/index.php\/wp-json\/wp\/v2\/pages\/304\/revisions\/333"}],"wp:attachment":[{"href":"https:\/\/neurophys.pt\/index.php\/wp-json\/wp\/v2\/media?parent=304"}],"curies":[{"name":"wp","href":"https:\/\/api.w.org\/{rel}","templated":true}]}}