{"id":337,"date":"2026-04-26T23:16:48","date_gmt":"2026-04-26T23:16:48","guid":{"rendered":"https:\/\/neurophys.pt\/?page_id=337"},"modified":"2026-04-26T23:25:25","modified_gmt":"2026-04-26T23:25:25","slug":"reclamacoes","status":"publish","type":"page","link":"https:\/\/neurophys.pt\/index.php\/reclamacoes\/","title":{"rendered":"Reclama\u00e7\u00f5es"},"content":{"rendered":"","protected":false},"excerpt":{"rendered":"","protected":false},"author":1,"featured_media":147,"parent":0,"menu_order":0,"comment_status":"closed","ping_status":"open","template":"","meta":{"footnotes":""},"yoast_head":"<!-- This site is optimized with the Yoast SEO plugin v22.5 - https:\/\/yoast.com\/wordpress\/plugins\/seo\/ -->\n<title>Reclama\u00e7\u00f5es - Neurophys.pt<\/title>\n<meta name=\"robots\" content=\"index, follow, max-snippet:-1, max-image-preview:large, max-video-preview:-1\" \/>\n<link rel=\"canonical\" href=\"https:\/\/neurophys.pt\/index.php\/reclamacoes\/\" \/>\n<meta property=\"og:locale\" content=\"en_US\" \/>\n<meta property=\"og:type\" content=\"article\" \/>\n<meta property=\"og:title\" content=\"Reclama\u00e7\u00f5es - Neurophys.pt\" \/>\n<meta property=\"og:url\" content=\"https:\/\/neurophys.pt\/index.php\/reclamacoes\/\" \/>\n<meta property=\"og:site_name\" content=\"Neurophys.pt\" \/>\n<meta property=\"article:modified_time\" content=\"2026-04-26T23:25:25+00:00\" \/>\n<meta property=\"og:image\" content=\"https:\/\/neurophys.pt\/wp-content\/uploads\/2020\/12\/w4.jpg\" \/>\n\t<meta property=\"og:image:width\" content=\"1980\" \/>\n\t<meta property=\"og:image:height\" content=\"780\" \/>\n\t<meta property=\"og:image:type\" content=\"image\/jpeg\" \/>\n<meta name=\"twitter:card\" content=\"summary_large_image\" \/>\n<meta name=\"twitter:label1\" content=\"Est. reading time\" \/>\n\t<meta name=\"twitter:data1\" content=\"1 minute\" \/>\n<script type=\"application\/ld+json\" class=\"yoast-schema-graph\">{\"@context\":\"https:\/\/schema.org\",\"@graph\":[{\"@type\":\"WebPage\",\"@id\":\"https:\/\/neurophys.pt\/index.php\/reclamacoes\/\",\"url\":\"https:\/\/neurophys.pt\/index.php\/reclamacoes\/\",\"name\":\"Reclama\u00e7\u00f5es - Neurophys.pt\",\"isPartOf\":{\"@id\":\"https:\/\/neurophys.pt\/#website\"},\"primaryImageOfPage\":{\"@id\":\"https:\/\/neurophys.pt\/index.php\/reclamacoes\/#primaryimage\"},\"image\":{\"@id\":\"https:\/\/neurophys.pt\/index.php\/reclamacoes\/#primaryimage\"},\"thumbnailUrl\":\"https:\/\/neurophys.pt\/wp-content\/uploads\/2020\/12\/w4.jpg\",\"datePublished\":\"2026-04-26T23:16:48+00:00\",\"dateModified\":\"2026-04-26T23:25:25+00:00\",\"breadcrumb\":{\"@id\":\"https:\/\/neurophys.pt\/index.php\/reclamacoes\/#breadcrumb\"},\"inLanguage\":\"en-US\",\"potentialAction\":[{\"@type\":\"ReadAction\",\"target\":[\"https:\/\/neurophys.pt\/index.php\/reclamacoes\/\"]}]},{\"@type\":\"ImageObject\",\"inLanguage\":\"en-US\",\"@id\":\"https:\/\/neurophys.pt\/index.php\/reclamacoes\/#primaryimage\",\"url\":\"https:\/\/neurophys.pt\/wp-content\/uploads\/2020\/12\/w4.jpg\",\"contentUrl\":\"https:\/\/neurophys.pt\/wp-content\/uploads\/2020\/12\/w4.jpg\",\"width\":1980,\"height\":780},{\"@type\":\"BreadcrumbList\",\"@id\":\"https:\/\/neurophys.pt\/index.php\/reclamacoes\/#breadcrumb\",\"itemListElement\":[{\"@type\":\"ListItem\",\"position\":1,\"name\":\"In\u00edcio\",\"item\":\"https:\/\/neurophys.pt\/\"},{\"@type\":\"ListItem\",\"position\":2,\"name\":\"Reclama\u00e7\u00f5es\"}]},{\"@type\":\"WebSite\",\"@id\":\"https:\/\/neurophys.pt\/#website\",\"url\":\"https:\/\/neurophys.pt\/\",\"name\":\"Neurophys.pt\",\"description\":\"Preven\u00e7\u00e3o da Mobilidade Neurol\u00f3gica\",\"potentialAction\":[{\"@type\":\"SearchAction\",\"target\":{\"@type\":\"EntryPoint\",\"urlTemplate\":\"https:\/\/neurophys.pt\/?s={search_term_string}\"},\"query-input\":\"required name=search_term_string\"}],\"inLanguage\":\"en-US\"}]}<\/script>\n<!-- \/ Yoast SEO plugin. -->","yoast_head_json":{"title":"Reclama\u00e7\u00f5es - Neurophys.pt","robots":{"index":"index","follow":"follow","max-snippet":"max-snippet:-1","max-image-preview":"max-image-preview:large","max-video-preview":"max-video-preview:-1"},"canonical":"https:\/\/neurophys.pt\/index.php\/reclamacoes\/","og_locale":"en_US","og_type":"article","og_title":"Reclama\u00e7\u00f5es - Neurophys.pt","og_url":"https:\/\/neurophys.pt\/index.php\/reclamacoes\/","og_site_name":"Neurophys.pt","article_modified_time":"2026-04-26T23:25:25+00:00","og_image":[{"width":1980,"height":780,"url":"https:\/\/neurophys.pt\/wp-content\/uploads\/2020\/12\/w4.jpg","type":"image\/jpeg"}],"twitter_card":"summary_large_image","twitter_misc":{"Est. reading time":"1 minute"},"schema":{"@context":"https:\/\/schema.org","@graph":[{"@type":"WebPage","@id":"https:\/\/neurophys.pt\/index.php\/reclamacoes\/","url":"https:\/\/neurophys.pt\/index.php\/reclamacoes\/","name":"Reclama\u00e7\u00f5es - Neurophys.pt","isPartOf":{"@id":"https:\/\/neurophys.pt\/#website"},"primaryImageOfPage":{"@id":"https:\/\/neurophys.pt\/index.php\/reclamacoes\/#primaryimage"},"image":{"@id":"https:\/\/neurophys.pt\/index.php\/reclamacoes\/#primaryimage"},"thumbnailUrl":"https:\/\/neurophys.pt\/wp-content\/uploads\/2020\/12\/w4.jpg","datePublished":"2026-04-26T23:16:48+00:00","dateModified":"2026-04-26T23:25:25+00:00","breadcrumb":{"@id":"https:\/\/neurophys.pt\/index.php\/reclamacoes\/#breadcrumb"},"inLanguage":"en-US","potentialAction":[{"@type":"ReadAction","target":["https:\/\/neurophys.pt\/index.php\/reclamacoes\/"]}]},{"@type":"ImageObject","inLanguage":"en-US","@id":"https:\/\/neurophys.pt\/index.php\/reclamacoes\/#primaryimage","url":"https:\/\/neurophys.pt\/wp-content\/uploads\/2020\/12\/w4.jpg","contentUrl":"https:\/\/neurophys.pt\/wp-content\/uploads\/2020\/12\/w4.jpg","width":1980,"height":780},{"@type":"BreadcrumbList","@id":"https:\/\/neurophys.pt\/index.php\/reclamacoes\/#breadcrumb","itemListElement":[{"@type":"ListItem","position":1,"name":"In\u00edcio","item":"https:\/\/neurophys.pt\/"},{"@type":"ListItem","position":2,"name":"Reclama\u00e7\u00f5es"}]},{"@type":"WebSite","@id":"https:\/\/neurophys.pt\/#website","url":"https:\/\/neurophys.pt\/","name":"Neurophys.pt","description":"Preven\u00e7\u00e3o da Mobilidade Neurol\u00f3gica","potentialAction":[{"@type":"SearchAction","target":{"@type":"EntryPoint","urlTemplate":"https:\/\/neurophys.pt\/?s={search_term_string}"},"query-input":"required name=search_term_string"}],"inLanguage":"en-US"}]}},"_links":{"self":[{"href":"https:\/\/neurophys.pt\/index.php\/wp-json\/wp\/v2\/pages\/337"}],"collection":[{"href":"https:\/\/neurophys.pt\/index.php\/wp-json\/wp\/v2\/pages"}],"about":[{"href":"https:\/\/neurophys.pt\/index.php\/wp-json\/wp\/v2\/types\/page"}],"author":[{"embeddable":true,"href":"https:\/\/neurophys.pt\/index.php\/wp-json\/wp\/v2\/users\/1"}],"replies":[{"embeddable":true,"href":"https:\/\/neurophys.pt\/index.php\/wp-json\/wp\/v2\/comments?post=337"}],"version-history":[{"count":2,"href":"https:\/\/neurophys.pt\/index.php\/wp-json\/wp\/v2\/pages\/337\/revisions"}],"predecessor-version":[{"id":339,"href":"https:\/\/neurophys.pt\/index.php\/wp-json\/wp\/v2\/pages\/337\/revisions\/339"}],"wp:featuredmedia":[{"embeddable":true,"href":"https:\/\/neurophys.pt\/index.php\/wp-json\/wp\/v2\/media\/147"}],"wp:attachment":[{"href":"https:\/\/neurophys.pt\/index.php\/wp-json\/wp\/v2\/media?parent=337"}],"curies":[{"name":"wp","href":"https:\/\/api.w.org\/{rel}","templated":true}]}}